{"id":3888268,"date":"2026-08-28T04:28:40","date_gmt":"2026-08-28T02:28:40","guid":{"rendered":"https:\/\/www.livingonthecotedazur.com\/luxury-real-estate\/vente-maison-8-pieces-11\/"},"modified":"2026-09-04T05:15:43","modified_gmt":"2026-09-04T03:15:43","slug":"vente-maison-8-pieces-11","status":"publish","type":"product","link":"https:\/\/www.livingonthecotedazur.com\/fr\/immobilier-de-luxe\/vente-maison-8-pieces-11\/","title":{"rendered":"vente maison 8 Pi\u00e8ce(s)"},"content":{"rendered":"<p>Maison de CARACT\u00c8RE\u00a0EN EXCLUSIVIT\u00c9 au sein du CARRE D&rsquo;OR, \u00e0 200 M DE LA PLAGE DES LECQUES.\u00a0<br \/>\n\u00c0 seulement 5 mn \u00e0 pied de la plage des Lecques, \u00e0 l&rsquo;abri de l&rsquo;agitation, cette maison des ann\u00e9es 30 raconte une histoire. Celle d&rsquo;une b\u00e2tisse de caract\u00e8re, soigneusement entretenue au fil du temps, r\u00e9nov\u00e9e dans les ann\u00e9es 2000 et pr\u00eate \u00e0 accueillir une nouvelle vie.<br \/>\nDerri\u00e8re sa fa\u00e7ade pleine de charme, la maison offre 2 espaces distincts, un en rez-de-chauss\u00e9e et un \u00e0 l&rsquo;\u00e9tage. Ils peuvent vivre ind\u00e9pendamment, pour recevoir famille, amis ou g\u00e9n\u00e9rer des revenus,\u00a0ou \u00eatre r\u00e9unis gr\u00e2ce \u00e0 une cage d&rsquo;escalier\u00a0existante pour cr\u00e9er une belle maison familiale aux volumes g\u00e9n\u00e9reux.\u00a0<br \/>\nCette villa en bon \u00e9tat, lumineuse et fonctionnelle, laisse aussi la place \u00e0 l&rsquo;imagination : modernisation, redistribution des espaces ou projet sur mesure, chacun pourra y apposer sa signature selon ses envies.\u00a0<br \/>\n\u00c0 l&rsquo;ext\u00e9rieur, le plaisir se prolonge avec une piscine totalement r\u00e9nov\u00e9e en 2024, un double garage ferm\u00e9, une cuisine d&rsquo;\u00e9t\u00e9, un abri de jardin et un puit.\u00a0<br \/>\nPour d\u00e9couvrir ce bien, rare sur le secteur, contactez-moi au 0685402933.\u00a0<br \/>\nVal\u00e9rie Deltour SEELI, n\u00e9gociateur immobilier r\u00e9seau A la bonne porte, RSAC\u00a0Toulon 977469725<br \/>\nHonoraires charge acqu\u00e9reur inclus dans le prix.\u00a0<br \/>\nLes informations sur les risques auxquels ce bien est expos\u00e9 sont disponibles sur le site Georisques\u00a0: wwwgeorisques.gouv.fr<br \/>\n.\u00a0<br \/>\n\u00a0<\/p>\n","protected":false},"excerpt":{"rendered":"<p>Maison de CARACT\u00c8RE\u00a0EN EXCLUSIVIT\u00c9 au sein du CARRE D&rsquo;OR, \u00e0 200 M DE LA PLAGE DES LECQUES.\u00a0 \u00c0 seulement 5 mn \u00e0 pied de la plage des Lecques, \u00e0 l&rsquo;abri de l&rsquo;agitation, cette maison des ann\u00e9es 30 raconte une histoire. Celle d&rsquo;une b\u00e2tisse de caract\u00e8re, soigneusement entretenue au fil du temps, r\u00e9nov\u00e9e dans les ann\u00e9es [&hellip;]<\/p>\n","protected":false},"author":13,"featured_media":3888086,"template":"","meta":{"_acf_changed":false},"product_cat":[143],"product_tag":[],"class_list":["post-3888268","product","type-product","status-publish","has-post-thumbnail","product_cat-villa-fr","pa_city-saint-cyr-sur-mer","pa_country-france-fr","pa_high-value-property-no-fr","pa_type-of-construction-bien-existante","first","instock","product-type-simple"],"acf":[],"_links":{"self":[{"href":"https:\/\/www.livingonthecotedazur.com\/fr\/wp-json\/wp\/v2\/product\/3888268","targetHints":{"allow":["GET"]}}],"collection":[{"href":"https:\/\/www.livingonthecotedazur.com\/fr\/wp-json\/wp\/v2\/product"}],"about":[{"href":"https:\/\/www.livingonthecotedazur.com\/fr\/wp-json\/wp\/v2\/types\/product"}],"author":[{"embeddable":true,"href":"https:\/\/www.livingonthecotedazur.com\/fr\/wp-json\/wp\/v2\/users\/13"}],"wp:featuredmedia":[{"embeddable":true,"href":"https:\/\/www.livingonthecotedazur.com\/fr\/wp-json\/wp\/v2\/media\/3888086"}],"wp:attachment":[{"href":"https:\/\/www.livingonthecotedazur.com\/fr\/wp-json\/wp\/v2\/media?parent=3888268"}],"wp:term":[{"taxonomy":"product_cat","embeddable":true,"href":"https:\/\/www.livingonthecotedazur.com\/fr\/wp-json\/wp\/v2\/product_cat?post=3888268"},{"taxonomy":"product_tag","embeddable":true,"href":"https:\/\/www.livingonthecotedazur.com\/fr\/wp-json\/wp\/v2\/product_tag?post=3888268"}],"curies":[{"name":"wp","href":"https:\/\/api.w.org\/{rel}","templated":true}]}}

vente maison 8 Pièce(s)

<p>Maison de CARACTÈRE EN EXCLUSIVITÉ au sein du CARRE D&rsquo;OR, à 200 M DE LA PLAGE DES LECQUES. <br />
À seulement 5 mn à pied de la plage des Lecques, à l&rsquo;abri de l&rsquo;agitation, cette maison des années 30 raconte une histoire. Celle d&rsquo;une bâtisse de caractère, soigneusement entretenue au fil du temps, rénovée dans les années 2000 et prête à accueillir une nouvelle vie.<br />
Derrière sa façade pleine de charme, la maison offre 2 espaces distincts, un en rez-de-chaussée et un à l&rsquo;étage. Ils peuvent vivre indépendamment, pour recevoir famille, amis ou générer des revenus, ou être réunis grâce à une cage d&rsquo;escalier existante pour créer une belle maison familiale aux volumes généreux. <br />
Cette villa en bon état, lumineuse et fonctionnelle, laisse aussi la place à l&rsquo;imagination : modernisation, redistribution des espaces ou projet sur mesure, chacun pourra y apposer sa signature selon ses envies. <br />
À l&rsquo;extérieur, le plaisir se prolonge avec une piscine totalement rénovée en 2024, un double garage fermé, une cuisine d&rsquo;été, un abri de jardin et un puit. <br />
Pour découvrir ce bien, rare sur le secteur, contactez-moi au 0685402933. <br />
Valérie Deltour SEELI, négociateur immobilier réseau A la bonne porte, RSAC Toulon 977469725<br />
Honoraires charge acquéreur inclus dans le prix. <br />
Les informations sur les risques auxquels ce bien est exposé sont disponibles sur le site Georisques : wwwgeorisques.gouv.fr<br />
. <br />
 </p>

<p>Maison de CARACTÈRE EN EXCLUSIVITÉ au sein du CARRE D&rsquo;OR, à 200 M DE LA PLAGE DES LECQUES.  À seulement 5 mn à pied de la plage des Lecques, à l&rsquo;abri de l&rsquo;agitation, cette maison des années 30 raconte une histoire. Celle d&rsquo;une bâtisse de caractère, soigneusement entretenue au fil du temps, rénovée dans les années [&hellip;]</p>
