{"id":3906467,"date":"2026-09-06T04:57:05","date_gmt":"2026-09-06T02:57:05","guid":{"rendered":"https:\/\/www.livingonthecotedazur.com\/luxury-real-estate\/vente-maison-de-hameau-3-pieces\/"},"modified":"2026-09-06T05:42:10","modified_gmt":"2026-09-06T03:42:10","slug":"vente-maison-de-hameau-3-pieces","status":"publish","type":"product","link":"https:\/\/www.livingonthecotedazur.com\/fr\/immobilier-de-luxe\/vente-maison-de-hameau-3-pieces\/","title":{"rendered":"vente maison de hameau 3 Pi\u00e8ce(s)"},"content":{"rendered":"<p>Cagnes-sur-Mer &#8211; Val Fleuri &#8211;\u00a0R\u00e9sidence priv\u00e9e et s\u00e9curis\u00e9e<br \/>\nAppartement\/villa\u00a0avec jardin et aper\u00e7u mer<br \/>\nDans le secteur recherch\u00e9 du Val Fleuri, d\u00e9couvrez ce\u00a0charmant\u00a0appartement\/villa jumel\u00e9e d&rsquo;un c\u00f4t\u00e9 de 71,11 m\u00b2 au calme, b\u00e9n\u00e9ficiant d&rsquo;une belle exposition Sud-Ouest\u00a0et d&rsquo;un aper\u00e7u mer.<br \/>\nIl se compose d&rsquo;un s\u00e9jour\/cuisine am\u00e9ricaine \u00e9quip\u00e9e lumineux d&rsquo;environ 35 m\u00b2, de 2 chambres, d&rsquo;un bureau, d&rsquo;une salle d&rsquo;eau et d&rsquo;un WC ind\u00e9pendant.<br \/>\nVous profiterez \u00e9galement d&rsquo;un terrain privatif d&rsquo;environ 110 m\u00b2, d&rsquo;une terrasse et d&rsquo;un balcon, ainsi que d&rsquo;un abris de jardin de 4 m\u00b2 et d&rsquo;un parking collectif prioritaire.<br \/>\nUn v\u00e9ritable havre de paix \u00e0 d\u00e9couvrir sans plus tarder !<\/p>\n<p>DPE C (150 kWh\/m\u00b2\/an) &#8211; GES B (9 kg CO&#8322;\/m\u00b2\/an).<br \/>\nLes informations sur les risques auxquels ce bien est expos\u00e9 sont disponibles sur le site G\u00e9orisques.<br \/>\n\u00a0<\/p>\n","protected":false},"excerpt":{"rendered":"<p>Cagnes-sur-Mer &#8211; Val Fleuri &#8211;\u00a0R\u00e9sidence priv\u00e9e et s\u00e9curis\u00e9e Appartement\/villa\u00a0avec jardin et aper\u00e7u mer Dans le secteur recherch\u00e9 du Val Fleuri, d\u00e9couvrez ce\u00a0charmant\u00a0appartement\/villa jumel\u00e9e d&rsquo;un c\u00f4t\u00e9 de 71,11 m\u00b2 au calme, b\u00e9n\u00e9ficiant d&rsquo;une belle exposition Sud-Ouest\u00a0et d&rsquo;un aper\u00e7u mer. Il se compose d&rsquo;un s\u00e9jour\/cuisine am\u00e9ricaine \u00e9quip\u00e9e lumineux d&rsquo;environ 35 m\u00b2, de 2 chambres, d&rsquo;un bureau, d&rsquo;une [&hellip;]<\/p>\n","protected":false},"author":13,"featured_media":3906274,"template":"","meta":{"_acf_changed":false},"product_cat":[143],"product_tag":[],"class_list":["post-3906467","product","type-product","status-publish","has-post-thumbnail","product_cat-villa-fr","pa_city-cagnes-sur-mer-fr","pa_country-france-fr","pa_high-value-property-no-fr","pa_region-nice-fr","pa_type-of-construction-bien-existante","first","instock","product-type-simple"],"acf":[],"_links":{"self":[{"href":"https:\/\/www.livingonthecotedazur.com\/fr\/wp-json\/wp\/v2\/product\/3906467","targetHints":{"allow":["GET"]}}],"collection":[{"href":"https:\/\/www.livingonthecotedazur.com\/fr\/wp-json\/wp\/v2\/product"}],"about":[{"href":"https:\/\/www.livingonthecotedazur.com\/fr\/wp-json\/wp\/v2\/types\/product"}],"author":[{"embeddable":true,"href":"https:\/\/www.livingonthecotedazur.com\/fr\/wp-json\/wp\/v2\/users\/13"}],"wp:featuredmedia":[{"embeddable":true,"href":"https:\/\/www.livingonthecotedazur.com\/fr\/wp-json\/wp\/v2\/media\/3906274"}],"wp:attachment":[{"href":"https:\/\/www.livingonthecotedazur.com\/fr\/wp-json\/wp\/v2\/media?parent=3906467"}],"wp:term":[{"taxonomy":"product_cat","embeddable":true,"href":"https:\/\/www.livingonthecotedazur.com\/fr\/wp-json\/wp\/v2\/product_cat?post=3906467"},{"taxonomy":"product_tag","embeddable":true,"href":"https:\/\/www.livingonthecotedazur.com\/fr\/wp-json\/wp\/v2\/product_tag?post=3906467"}],"curies":[{"name":"wp","href":"https:\/\/api.w.org\/{rel}","templated":true}]}}

vente maison de hameau 3 Pièce(s)

<p>Cagnes-sur-Mer &#8211; Val Fleuri &#8211; Résidence privée et sécurisée<br />
Appartement/villa avec jardin et aperçu mer<br />
Dans le secteur recherché du Val Fleuri, découvrez ce charmant appartement/villa jumelée d&rsquo;un côté de 71,11 m² au calme, bénéficiant d&rsquo;une belle exposition Sud-Ouest et d&rsquo;un aperçu mer.<br />
Il se compose d&rsquo;un séjour/cuisine américaine équipée lumineux d&rsquo;environ 35 m², de 2 chambres, d&rsquo;un bureau, d&rsquo;une salle d&rsquo;eau et d&rsquo;un WC indépendant.<br />
Vous profiterez également d&rsquo;un terrain privatif d&rsquo;environ 110 m², d&rsquo;une terrasse et d&rsquo;un balcon, ainsi que d&rsquo;un abris de jardin de 4 m² et d&rsquo;un parking collectif prioritaire.<br />
Un véritable havre de paix à découvrir sans plus tarder !</p>
<p>DPE C (150 kWh/m²/an) &#8211; GES B (9 kg CO&#8322;/m²/an).<br />
Les informations sur les risques auxquels ce bien est exposé sont disponibles sur le site Géorisques.<br />
 </p>

<p>Cagnes-sur-Mer &#8211; Val Fleuri &#8211; Résidence privée et sécurisée Appartement/villa avec jardin et aperçu mer Dans le secteur recherché du Val Fleuri, découvrez ce charmant appartement/villa jumelée d&rsquo;un côté de 71,11 m² au calme, bénéficiant d&rsquo;une belle exposition Sud-Ouest et d&rsquo;un aperçu mer. Il se compose d&rsquo;un séjour/cuisine américaine équipée lumineux d&rsquo;environ 35 m², de 2 chambres, d&rsquo;un bureau, d&rsquo;une [&hellip;]</p>
